) + (-642)/(-24).
24
Let j be (-9)/(-6) - 22/4. Calculate the remainder when 23 is divided by (-2)/j*26/1.
10
Suppose 0 = -6*v + 5*v + 12. Calculate the remainder when 35 is divided by v.
11
Let h = -14 - -21. Let o(w) = w. What is the remainder when h is divided by o(4)?
3
Suppose j = -2*j + 84. Suppose 4*w = -w. Suppose w = r + r - 20. What is the remainder when j is divided by r?
8
Let a(q) = -25*q**3. Suppose -6*n + 11 = -3*v - 2*n, -6 = -3*n. Let t = 22 + -9. Calculate the remainder when a(v) is divided by t.
12
Let r(c) = -c + 10. Let u be r(10). Suppose u*d = 3*h - 3*d - 27, -11 = h + 3*d. Calculate the remainder when 17 is divided by h.
1
Suppose -4*m = 5*j - 37, -3*m = -j - 3*j + 11. Suppose -4*x - 30 = -j*x. Suppose -3*c + 32 = c. What is the remainder when x is divided by c?
6
Let p = -92 - -99. What is the remainder when 27 is divided by p?
6
Calculate the remainder when 4/(-6) - ((-220)/15 + 2) is divided by 12.
0
Let c = 0 - 1. Suppose -2*x = 5*j - 17, -4*j + 69 = 4*x - j. What is the remainder when x is divided by 1/(c/22*-2)?
10
Let h(q) = -2*q**2 + 15*q + 25. Calculate the remainder when 46 is divided by h(8).
12
Suppose 4*n - 229 = -d, -3*n + 3*d - d = -169. Let x = 6 + 9. Calculate the remainder when n is divided by x.
12
Suppose -3*j + 55 = -110. Calculate the remainder when j is divided by 29.
26
Let u = 8 - -24. Let t(n) = n**3 - 6*n**2 + 2*n - 1. Suppose y + 2*y = 18. What is the remainder when u is divided by t(y)?
10
Let a = 80 + -52. Suppose -4*o + 32 = -a. What is the remainder when o is divided by 220/30 + -4*(-1)/6?
7
Let y = 36 - -39. Suppose 13 + y = 4*q. Suppose 2 = -2*r + q. What is the remainder when 18 is divided by r?
8
Let p = 2 - -3. Suppose -2*u = -3*n - 10, -u = 3*u + p*n - 20. Suppose 4*j - u - 10 = -5*h, -4*h + 6 = 2*j. What is the remainder when 13 is divided by j?
3
Let k(d) = d**3 + 6*d**2 - 6*d - 12. Let i = -2 + 13. What is the remainder when k(-5) is divided by i?
10
Suppose 9 = 3*t + 2*v, -2*t + 9 = t + 3*v. Suppose 15 = -5*l, -2*m - 3*m + 164 = -t*l. What is the remainder when m is divided by 17?
14
Let b(p) = -p**3 + 10*p**2 - p - 26. Suppose 81 = 5*o - 3*t + 9, -3*o + 56 = -5*t. Calculate the remainder when b(9) is divided by o.
10
Let i be ((-10)/3 + 3)*-6. What is the remainder when (1/i)/((-2)/(-152)) is divided by 8/10*50/4?
8
Let k(i) = -i**3 - 6*i**2 - 2*i - 9. Let j be k(-6). What is the remainder when 47/2*(5 - j) is divided by 16?
15
Let j(s) = 3*s - 1. Calculate the remainder when j(4) is divided by 3.
2
Suppose -3*x - x - 3*o + 47 = 0, 3 = x - o. What is the remainder when (0 + 1)*23*1 is divided by x?
7
Suppose 5*u = 5*s + 3*u - 153, -5*u = 20. Let o = 17 + -7. What is the remainder when s is divided by o?
9
Calculate the remainder when 24 - (-2*6)/(-3) is divided by 7.
6
Let o be (-60)/9*60/(-8). Suppose o = -2*x + 7*x. Calculate the remainder when 37 is divided by x.
7
Let s = -1 + 11. Calculate the remainder when 28 is divided by s.
8
Let l be (-54)/(-5) + (-32)/40. Suppose 5*n + 5*k - 7 - 43 = 0, l = -2*k. Calculate the remainder when 57 is divided by n.
12
Let c(a) = a**2 + 6*a + 9. Calculate the remainder when c(-10) is divided by 15 + -2 - 0/(-2).
10
Let z(h) be the first derivative of -h**4/4 + 5*h**3/3 + 7*h**2/2 - 2*h - 7. Calculate the remainder when 13 is divided by z(6).
1
Let i = 8 - 5. Suppose 0 = -i*v - 0*v + 18. Calculate the remainder when v is divided by 4.
2
Let t(g) = -9 + 2*g + 4 - 5*g. Let l = -24 + 36. What is the remainder when l is divided by t(-4)?
5
Suppose -9*v = -10*v + 84. Calculate the remainder when v is divided by 22.
18
Let c(g) = -38*g**2 + 0*g - 1 - 6*g + 39*g**2. Calculate the remainder when 10 is divided by c(7).
4
Let i(q) = -2*q - 7. Let x be ((-17)/2)/(3/6). What is the remainder when i(x) is divided by 10?
7
Let d(i) = -7*i**2 + 10*i - 3*i + 0*i**3 + i**3 + 3. Suppose -2*j + 4*t = j - 34, 4*t = j - 22. Calculate the remainder when 17 is divided by d(j).
8
Suppose -120 - 25 = -5*v. Let o = 5 + -1. Suppose i - 47 = -2*i + m, o*m + 8 = 0. Calculate the remainder when v is divided by i.
14
Let s = 5 - 2. Suppose -12 = s*h - 0*h. Calculate the remainder when 21 is divided by (-3)/12 - 45/h.
10
Suppose 2*h - 6 = -j + 31, -5*j - 5 = 0. Suppose h = 4*r - 49. Calculate the remainder when r is divided by -4*((-9)/2 + 3).
5
Let l(r) = r**3 + 6*r**2 + 4*r - 4. Calculate the remainder when (-472)/12*(-3)/2 is divided by l(-4).
11
Let w(x) = x**3 + 3*x - 5. Calculate the remainder when 16 is divided by w(2).
7
Let b = 42 + -24. Suppose -3*u + d + d + b = 0, 3*u - 18 = -4*d. What is the remainder when 17 is divided by u?
5
Suppose 0 = -k + 29 + 6. Let c = 20 + k. What is the remainder when c is divided by 14?
13
Suppose 4*k - 443 + 91 = 0. Suppose -4*g = -3*j - 31 - 69, -5*j - 120 = -5*g. What is the remainder when g is divided by 2/6 - k/(-6)?
13
Suppose -5*h + 29 = -11. Calculate the remainder when h is divided by 4.
0
Suppose c - 4*y = -3*c + 24, -5*c - 3*y = -14. Suppose -102 = -c*r + r. What is the remainder when r is divided by 9?
7
Let b be (-46)/(-14) + (-2)/7. Let d be (b/(-9))/(2/(-24)). What is the remainder when 41 is divided by 14 - d/((-4)/(-3))?
8
Suppose -24 = -2*j + 24. Suppose -l - 2*l = -j. What is the remainder when l is divided by 3?
2
Let m = 32 + -19. Calculate the remainder when 8/(2/(-18)*-3) is divided by m.
11
Suppose 3*t = 5*a - 16, 0*a = a + 3*t - 14. Let i(x) = -x**2 - 7*x - 2. What is the remainder when i(-5) is divided by a?
3
Let d(x) = 7*x + 5. Let q be d(4). Suppose 0 = -4*c + 5*h + 31, -4*h - 8 = -3*c + 4*c. Calculate the remainder when 21 is divided by (c/(-6))/((-2)/q).
10
Let b(o) = o**3 - 13*o**2 + 16*o + 1. Calculate the remainder when b(12) is divided by (-178)/(-14) - (-2)/7.
10
Suppose -3*a = -9 - 27. Let m(c) = -c**3 - 21*c**2 - 3*c - 19. Calculate the remainder when m(-21) is divided by a.
8
Suppose 0*y - y = -4. Let q(c) = -2*c + 4 + y*c + 5*c. Calculate the remainder when q(6) is divided by 24.
22
Suppose -117 - 19 = -4*s. Let f = 41 - 23. Suppose 14*m = f*m - 48. What is the remainder when s is divided by m?
10
Let s = 29 - 17. What is the remainder when s is divided by 8?
4
Suppose -4*r = -5*q - 10 + 53, -4*q - 2*r + 24 = 0. Calculate the remainder when 11 is divided by q.
4
Let d = -29 + 75. What is the remainder when d is divided by (-9)/15 - (-747)/45?
14
Let v(z) = z**2 - 5*z - 10. Let n be v(7). Suppose -4*x = k + 12, x + n*x + 15 = 3*k. Calculate the remainder when 7 is divided by (-2)/(x + 5/2).
3
Suppose -3*a + 30 = -3*i, 0*i = -3*a - i + 30. What is the remainder when 35 is divided by a?
5
Calculate the remainder when 23 is divided by (80/(-12))/(-1)*42/35.
7
Let l = -6 + 7. Let g = 18 - l. What is the remainder when 31 is divided by g?
14
Suppose 3*z - z - 2 = 0, 5*g + 4*z = 199. What is the remainder when g is divided by 14?
11
Let m = 3 + -1. Suppose 0*w = -m*w + 2. Calculate the remainder when 5/(-4)*(w + -9) is divided by 4.
2
Suppose -91 - 7 = -2*v. Let u = 1 + 2. Suppose -68 = -r - u*r. What is the remainder when v is divided by r?
15
Suppose o - 15 - 8 = 0. What is the remainder when o is divided by (-1 + 0)/((-3)/36)?
11
Let b = 101 - 72. What is the remainder when b is divided by 15?
14
Suppose 3*x = 44 - 11. Calculate the remainder when x is divided by 6.
5
Suppose 0 = -5*p + 195 + 5. Let o = 8 + -5. Suppose -o*g + 3*t + 54 = 0, 2*g + 0*g - 20 = -2*t. Calculate the remainder when p is divided by g.
12
Let j = 19 - 13. Let b = j - 0. Calculate the remainder when 9 is divided by b.
3
Let r be (-1)/1*-5*4. Suppose 0*o = -4*o + r. Calculate the remainder when 12 is divided by o.
2
What is the remainder when (-50)/(((-1)/(-5))/(18/(-36))) is divided by 64?
61
Let m(u) = 3 + 6*u + 4 + 0*u - u**2. Let f be m(7). Suppose -10 = 2*b, f*n - n + 19 = -3*b. Calculate the remainder when n is divided by 3.
1
Suppose -5*r = -3*r + 4. Let b be (7 - r)/((-2)/(-6)). Let z = -9 + b. What is the remainder when 35 is divided by z?
17
Let m = -30 + 76. What is the remainder when m is divided by 10?
6
Let r be 2/((-3)/12*-4). Suppose -22 = -r*l + 18. What is the remainder when 78 is divided by l?
18
Let l = -145 - -151. Let f = 33 + -22. What is the remainder when f is divided by l?
5
Let b(y) = y**3 - 